t is the remainder when 39 is divided by z?
19
Let o(s) = 5*s**3 + s - 2. Let n = -6 + 17. What is the remainder when n is divided by o(1)?
3
Let k = 86 + -69. Suppose 0 = 2*j + j - 201. What is the remainder when j is divided by k?
16
Let p = 3 + 0. Let s = 6 + p. Suppose -2*j + 29 + 21 = 0. Calculate the remainder when j is divided by s.
7
Let z(r) = -5*r**3 - 1. Let l be z(-1). Suppose 3*c - 4*q - 103 = 0, l*q = c - 0*c - 29. Let t = 24 + -11. Calculate the remainder when c is divided by t.
11
Let t(b) = b**2 - b - 3. Let j = 21 - -2. Let k = 27 + j. What is the remainder when k is divided by t(-4)?
16
Let m(y) = y**3 - y**2 + y + 2. Let n = 2 - 2. Calculate the remainder when 3 is divided by m(n).
1
Let g(p) = 16*p**3 - 2*p**2 + 2*p. Let n be g(2). Suppose 0 = -0*j + 4*j - n. Let z = j - 20. Calculate the remainder when 31 is divided by z.
9
Suppose -4*z - t - 20 - 10 = 0, -5*t = 5*z + 45. Let y = 20 + z. Calculate the remainder when y is divided by 7.
6
Suppose 2*x + x - 72 = 0. Calculate the remainder when x is divided by 13 - (-2)/4*0.
11
Let m(r) = -5*r + 11. What is the remainder when m(-7) is divided by 16?
14
Suppose -3*b + 31 + 47 = 0. Calculate the remainder when 76 is divided by b.
24
Let m = -11 - 2. Let w be 3/(((-2)/9)/2). Let r = m - w. What is the remainder when 26 is divided by r?
12
Let v(h) = 31*h**3 - 2*h + 1. Let f be v(1). Let t be (24/f)/(2/5). Calculate the remainder when -4*t/((-16)/6) is divided by 1.
0
Suppose 7 + 11 = -3*p. What is the remainder when (-636)/(-18) + 2/p is divided by 9?
8
Suppose -426 = 2*b - 4*b - 2*u, 4*u + 820 = 4*b. Calculate the remainder when b is divided by 42.
41
Suppose -3*w = 2*p - 7*p - 170, 4*w - 2*p - 208 = 0. Suppose 0*d + w = 5*d. Let q(f) = 5*f - 1. Calculate the remainder when q(4) is divided by d.
9
Calculate the remainder when 33 is divided by (-25)/(-3) + (-2)/(-3).
6
Let u(o) = o**2 + 2*o - 7. Let v be u(-9). Suppose -2*s - 2*s = -v. Calculate the remainder when s is divided by (-6)/((-1)/((-8)/(-6))).
6
Let r(k) = k**2 - 5*k + 14. Calculate the remainder when 55 is divided by r(5).
13
Let h be 4/(-14) + 234/(-14). Let v = 0 - h. What is the remainder when 49 is divided by v?
15
Let a(p) = -22*p - 26. Suppose -12 = -3*c + 9. What is the remainder when a(-2) is divided by c?
4
Let t(v) = -7 - 2*v - 2 + 8. Calculate the remainder when t(-8) is divided by 6.
3
Let a(j) = 2*j**2 - 6*j + 8. What is the remainder when 52 is divided by a(5)?
24
Suppose -5 = -3*g + 64. Calculate the remainder when 112 is divided by g.
20
Let a(c) = 4*c**2 - 16*c + 21. Calculate the remainder when 120 is divided by a(5).
38
Suppose 2*w = w + 4. Suppose -543 = -w*s - 143. Suppose 8*i - s = 3*i. Calculate the remainder when 59 is divided by i.
19
Let i be (-12)/(-18)*(1 + 2). Let j be -3 - (-295 + (-6)/i). Calculate the remainder when 43 is divided by 1/4 - j/(-20).
13
Let x = -93 + -21. Calculate the remainder when 45 is divided by 6/10 - x/10.
9
Let x(l) = 6*l**2 - l - 1. Suppose 3*v = -3, 3*r = 3*v + 2*v - 22. Let b = r + 22. What is the remainder when x(-2) is divided by b?
12
Let z(x) = x**2 + 2*x**2 + 25*x**3 - 2 - 1. Let r(a) = 17*a**3 + 2*a**2 - 2. Let f(u) = -8*r(u) + 5*z(u). Calculate the remainder when f(-1) is divided by 4.
3
Let d(l) = -l**3 - 3*l**2 + 12*l - 27. What is the remainder when d(-7) is divided by 15?
10
What is the remainder when 92 is divided by 70/3 + 1 + (-2)/6?
20
Suppose 4*z = -4*q + 40, -4*z + 0*q + 44 = 5*q. Suppose -z = -y + 7. What is the remainder when y is divided by 7?
6
Suppose 2*h = -5*w + 265, -h - 2*h - 87 = -2*w. Calculate the remainder when w is divided by 27.
24
Suppose -g + 5*w + 1 + 3 = 0, -5*g = 5*w - 50. Suppose 105 = f + 2*f. Calculate the remainder when f is divided by g.
8
Suppose 12 = -3*o, -2*v - v = 3*o - 33. What is the remainder when 46 - (-4)/(4/(-2)) is divided by v?
14
Suppose -3 = -3*t + 9. Let a(h) = h**3 - 2*h**2 + 6*h - 5. Calculate the remainder when a(t) is divided by 9.
6
Let q(m) = -m + 2 - 4*m + m - 3. What is the remainder when q(-4) is divided by 9?
6
Suppose -2*s - m = -21, 0 = 5*s - 0*m - 4*m - 59. Let x = s + -8. What is the remainder when 10 is divided by x?
1
Let p be 1690/(-10)*(6 + 0). What is the remainder when (-3)/(-4) + p/(-24) is divided by 15?
13
Let t = -80 - -129. What is the remainder when t is divided by 13?
10
Let z(l) = l + 1. Suppose -4*a = -0*a. Let t be z(a). Calculate the remainder when t + (-3 - -1) - -10 is divided by 5.
4
Let g(q) = -q**3 - 8*q**2 - q - 3. Suppose -26 = 2*c - 0*c + 2*v, 12 = c - 4*v. Calculate the remainder when 8 is divided by g(c).
3
Let j(a) = a**2 - a - 3*a - 3 + 2*a - 5. What is the remainder when j(-4) is divided by 10?
6
Suppose 0 = 2*j - 0*j - 26. Calculate the remainder when 37 is divided by j.
11
Suppose 11*k = 6*k. Suppose -5*x = -k*x - 170. Calculate the remainder when x is divided by 9.
7
What is the remainder when 9 + (-5 - 0) + 156 is divided by 18?
16
Let m(q) = -2*q**3 + 10*q**2 + 11*q + 19. What is the remainder when 35 is divided by m(6)?
9
Suppose -r - r = -8. Calculate the remainder when 9 is divided by r.
1
Let m = 144 - 61. Let j = m - 29. What is the remainder when j is divided by 14?
12
Let f = -1 - -4. Let a = f + 11. Suppose -b - b + 10 = 0. Calculate the remainder when a is divided by b.
4
Let n(c) = 18*c + 1. Let j be n(-1). Let z = j - -29. Let b(f) = 6*f**2 - 57*f + 4. Calculate the remainder when b(10) is divided by z.
10
Let s(n) = 13*n + 21. Suppose 2*y + 2*y - 18 = -2*q, 5*y + 44 = q. What is the remainder when s(4) is divided by q?
16
Let v = 37 + -31. Calculate the remainder when 15 is divided by v.
3
Suppose -5*d - 3*q - 113 = 0, 3*q = d + 4*d + 137. Suppose 2*g = -2*g - 52. Let s = g - d. What is the remainder when s is divided by 7?
5
Let h(z) = -76*z**3 + z**2 - z - 1. What is the remainder when h(-1) is divided by 9?
5
Let a(c) = 5*c - 10. Let v be a(10). Suppose 0*w + v = w. Let p = 43 + -29. Calculate the remainder when w is divided by p.
12
Suppose -n + 28 = 4*q, -q - 3*n = -5*q + 44. Suppose q = 2*j - j. What is the remainder when j is divided by 5?
3
Let k(v) = 2*v + 2. Let m be k(6). Suppose -m = -2*z + z. Calculate the remainder when 27 is divided by z.
13
What is the remainder when (6 + -4)/((-2)/(-38)) is divided by 11/(33/54) + 2?
18
Let f be (-5)/((-15)/(-9))*-1. Suppose -4*k = -4*z - 32, 0 = -2*z - f*z. Calculate the remainder when 15 is divided by k.
7
Suppose -2*w = 3*w - 20. Let t(f) = 2*f + 2. What is the remainder when 19 is divided by t(w)?
9
Suppose 0 = -4*n + 37 + 911. What is the remainder when 35 is divided by 6/(-8) + n/12?
16
Let z = -20 - -33. Suppose -5*o + 84 = -36. What is the remainder when o is divided by z?
11
Calculate the remainder when 11 is divided by (-2)/6*-3 - -2.
2
Let j(i) = i**3 - 2*i**2 - i - 4. Let m be j(3). Suppose -5*a - 6 = m*w - w, 4*w + 3*a - 10 = 0. Let x = 14 + -8. What is the remainder when x is divided by w?
2
Suppose 0*t - 3*t = 39. Let z = -3 - t. What is the remainder when z is divided by 6?
4
Let w = -18 + 31. Let r(d) = -4 + 13 + 25 + 4 - d. Calculate the remainder when r(0) is divided by w.
12
Suppose -4*n + 21 = 3*l + 2, -2*l = -n - 9. What is the remainder when 3 is divided by n?
0
What is the remainder when 4/5*910/28 is divided by 9?
8
Let l = 35 - 13. Suppose 0 = -3*s + 3*p + 9, 5*s + p - 24 = 3*p. Calculate the remainder when l is divided by s.
4
Suppose 0*k = -k. Suppose 7*u - 4*u - 69 = k. What is the remainder when u is divided by 13?
10
Suppose -5*y + 15 = o - 4*o, 5*o = 3*y - 25. Suppose -3*n + 5*s + 2 + 84 = 0, -4*s + 8 = y. What is the remainder when n is divided by 11?
10
Suppose 0*q + 2*q = 6. Suppose -2*m + 4*r + 520 = 3*m, -3*r + 85 = m. Suppose q*u - m = 62. What is the remainder when u is divided by 14?
12
Suppose 7*o + 276 = 13*o. What is the remainder when 87 is divided by o?
41
Let k = 0 - -2. Suppose 2*x + 5*h = 44, 5*x - 48 = k*h + h. Calculate the remainder when 33 is divided by x.
9
Let q(t) = t**3 - 4*t**2 - t + 4. Let i be q(4). Suppose 4*u + 2*j - 248 = i, 2*u - 87 = -2*j + 35. What is the remainder when u is divided by 33?
30
Let x be (-42)/(1 - 0) - -1. Let m = -29 - x. What is the remainder when 35 is divided by m?
11
Let z = -21 - -42. Calculate the remain